-2*r - 5*k. Let p(n) = n - 5. Determine p(r).
-5
Suppose -2*r - 5*g + 18 = 0, -5*r - 2*g = -0*r - 45. Let f(s) = -s + 7. Give f(r).
-2
Let j(h) be the third derivative of h**4/24 - h**3 - 22*h**2. Let q be 129/27 - (-6)/27. Give j(q).
-1
Suppose -7*v + 5 = -12*v. Let u(t) = 13*t**2 + 2*t + 1. What is u(v)?
12
Let t = -19 + 22. Let o = 2 - t. Let z(i) = i**3 + i**2 - 1. Determine z(o).
-1
Let q(z) = -4*z**3 + 0*z**3 + 3*z**3 + 3*z - z**2 + 1. Suppose -2 = -5*k - 3*x, 2*k + 12 = -0*x + 2*x. What is q(k)?
-1
Let i(u) = u**2 - 10*u - 5. Let k(y) = -y**2 + 11*y + 6. Let c(h) = -5*i(h) - 4*k(h). Give c(6).
1
Let g(p) = p**2 + 7*p - 1. Let a be g(-7). Let t(s) = 6*s + 3. Let i(c) = 24*c + 13. Let x(v) = 2*i(v) - 9*t(v). Give x(a).
5
Let k(s) = -6*s + 2 - 4*s + 3*s. Let z(n) = -20*n + 5. Let v(d) = 17*k(d) - 6*z(d). Suppose 2*q + 1 - 7 = 0. Calculate v(q).
7
Let t(p) = -24 + 11 - 3*p**2 + p + 13 + p**3. Suppose 0*h = 3*v + h - 13, 19 = 4*v + h. Suppose 0*n + v = 3*n. Calculate t(n).
-2
Let p(i) = i**2 + i - 4. Let u(f) = 2*f**2 + 2*f - 8. Let j(z) = -5*p(z) + 2*u(z). Let w = 28 - 12. Suppose w = -3*l - l. Determine j(l).
-8
Let u = 20 + -16. Let i(d) = -u + 2*d - 3*d - 1 + 6. Calculate i(-5).
6
Let t be 1/((4/12)/((-2)/(-6))). Let l(u) be the first derivative of t + 1/2*u**2 + 4*u. Calculate l(3).
7
Let f(w) be the first derivative of w**4/4 + 5*w**3/3 + w**2 - 3*w + 7. Let d = 3 + -8. Determine f(d).
-13
Let m = -8 - -20. Suppose -4*t - 4*q + 12 = 0, -2*t + 3*q - 2 = m. Let x(b) = -3*b - 1. Let n(l) = -2*l - 1. Let i(j) = -6*n(j) + 5*x(j). What is i(t)?
4
Let k = 191 + -195. Let q = -3 + 6. Let l(x) = -4*x**3 + 2*x**2 - 3*x + 3*x**q - 6 - 6*x**2. Determine l(k).
6
Suppose -5*n + 3*i + 8 + 2 = 0, 4*n - 21 = 5*i. Let h(v) be the first derivative of -v**3 + v**2/2 - 4. Give h(n).
-4
Let i(s) = -2*s + 3. Suppose 0 = -0*p + 5*p + 25. What is i(p)?
13
Let s(j) be the first derivative of 5/2*j**2 - j - 1. Determine s(2).
9
Let q(t) = -t**2 - 7*t + 8. Let o be 2/6*(-21)/(0 - -1). Determine q(o).
8
Let f(b) = 5*b + 3. Let x(q) = -4*q - 4. Let a(j) = 3*f(j) + 4*x(j). Give a(-6).
-1
Let m(a) be the third derivative of a**5/60 - a**4/12 - a**3/6 + 5*a**2. What is m(-2)?
7
Let v(h) be the second derivative of h**3/3 + 23*h. Let u be 5/(25/2)*-5. Let t(z) = z. Let b be t(u). Give v(b).
-4
Let c(b) be the third derivative of b**5/60 + b**4/24 - b**3/6 + 2*b**2. Calculate c(-2).
1
Let j(i) = i**2 + 4*i + 2. Let f(k) = -k**3 - 2*k**2 - k - 2. Suppose -4*n + 2 - 5 = 5*o, -3*o + 11 = -4*n. Let z be f(n). Let m = -3 + z. Give j(m).
-1
Suppose 7*g - 3*g = -40. Let d = g + 14. Let y(p) = p**3 - p + 1. Let f(u) = 5*u**3 + 3*u**2 - 2*u + 3. Let m(x) = -f(x) + 6*y(x). Give m(d).
3
Let d(v) = -v**2 - 5*v. Let l(m) = -m**2 - 5*m + 1. Let h(g) = -5*d(g) + 4*l(g). What is h(-6)?
10
Let o(t) = t - 2. Let m be o(4). Let d(h) = 2*h + 1775 + 2*h**2 - 2*h**3 - 1778 + 0*h**3. Give d(m).
-7
Let l(h) = -3*h + 5 + 0*h + 4*h. Suppose y + 10 - 26 = -5*r, -5*r = -4*y - 11. Suppose -2*a + r*a = 0. Calculate l(a).
5
Let p(q) = 3 - q**3 - 2*q**2 + 2*q + 4*q**2 - 2. Calculate p(3).
-2
Let d(q) = -q**2 + 5*q - 1. Let a be (1/(-2))/((-2)/20). Suppose -a*g - 11 = -31, -8 = 4*b - 5*g. Determine d(b).
5
Let t(s) be the second derivative of -5/2*s**2 + 5*s - 1/6*s**3 + 0. Determine t(-6).
1
Let k(w) be the first derivative of w**4/2 - w**3/3 - 2*w**2 + w - 8. Let j be k(2). Let n(x) = x**3 - 6*x**2 + 8*x - 7. What is n(j)?
8
Suppose 2*t - 3*r = 6, -r + 2 = 4*t - 10. Let d(q) = -q - q - t + 0 + 4. Calculate d(5).
-9
Let l(g) = -3*g - 35. Let f(x) = 2*x + 23. Let k(y) = -8*f(y) - 5*l(y). Let m be 3/12 - (-42)/(-8). Give k(m).
-4
Let h(n) be the second derivative of 3*n**3/2 + 3*n**2/2 - 6*n. Calculate h(-2).
-15
Let b(k) = -k**2 - 10*k - 6. Let d(h) = -1. Let y(c) = -b(c) + 5*d(c). Determine y(-6).
-23
Let q(r) = 2*r**2 + 7*r + 4. Suppose -z + 0*z = 4. What is q(z)?
8
Let z(n) = n**2 + n + 1. Let m = 1 + -1. Let k be z(m). Let a(d) = -3*d**2 + k + 0*d**2 + 2*d - d**2 - 2*d**2. Calculate a(-1).
-7
Let o(k) = 120*k + 3 - 126*k + k**2 + 0*k**2. Give o(7).
10
Let w = -2 + 1. Suppose -4*k = -2*b - 22, -4*b + 9*b + 5 = 0. Let j(a) = 6*a + k*a - 7*a + 3*a. Give j(w).
-7
Let j(q) = q**3 - 4*q**2 - 2*q + 4. Let b be 4 + 16/(-8 - -4). Let a be (2 + -6)/(b + -1). Determine j(a).
-4
Let f(r) = r + 1. Let w(h) = -12*h - 3. Let c(y) = 9*f(y) + w(y). Calculate c(6).
-12
Suppose 0 = -4*k + 3*k. Suppose 0 = 4*y - 3 - 5. Let h(r) = y + r - 5 - 3. What is h(k)?
-6
Let t be 0/(-8 + 1 + 3). Let b(a) be the second derivative of -a**4/12 - 9*a**2/2 - a. Give b(t).
-9
Let r be 3/(1 - 4) - -2. Let q(c) = c**3 - 4*c**2 + 4*c + 1. Let m be q(3). Let y(s) = -s**2 + 1 - r - m*s. Calculate y(-4).
0
Let y(z) = z**2 + 6*z + 4. Let l = 21 + -27. Determine y(l).
4
Let i(y) = 2*y - 7. Let a(n) = -n**2 + 9*n - 3. Let c be a(8). Determine i(c).
3
Let x(b) = -b. Let t(d) = 4*d + 2. Let u(z) = -t(z) - 5*x(z). Let a(l) = l**3 - 1. Let p(f) = -2*a(f) + u(f). Give p(1).
-1
Suppose 2 + 1 = 3*a. Suppose a + 9 = 5*i. Let b(r) = 2 + i - 3 - 7*r. Give b(-1).
8
Let j = -62 - -68. Let r(m) = m**2 - 10*m + 2. Determine r(j).
-22
Let y(t) = -6*t**3 - t**2. Suppose 4*c - 36 = 5*x, 4*x - 2*c + 4 = -20. Let w = x - 1. Let l(o) = o**3 + 4*o**2 - 6*o - 6. Let h be l(w). What is y(h)?
5
Suppose 5*j - 10 = 5*p, -p - 1 = -4*j - 2. Let w(o) be the first derivative of -o**4/4 - o**3 + 3*o - 2. Determine w(p).
3
Let x = 0 + 0. Let f(r) = -r**2 - r. Let i(d) = -1. Let g(k) = -f(k) + 4*i(k). Give g(x).
-4
Let i(o) = -o**2 - 34 + 32 + 3*o**2 + 2*o**3 - 4*o**3 + 3*o. Give i(2).
-4
Let z(d) = -8*d - 4. Suppose 7*a - 4*a + 9 = 0. Calculate z(a).
20
Let w(m) = 6*m**3 + 5*m**2 + 4*m - 3. Let n be -4*(1/4 + 1). Let c = n + 6. Let u(x) = -x**3. Let o(l) = c*w(l) + 5*u(l). Determine o(-4).
-3
Let l(g) = -g - 1. Let u be l(0). Let p = -1 - u. Suppose -s - d = 0, 2*s - 2*d - 16 = -p*d. Let r(o) = -2*o + 6. Give r(s).
-2
Let l(s) = 3*s**2 + 7*s + 5. Let i(g) = -13*g**2 - 29*g - 21. Let b(q) = -2*i(q) - 9*l(q). What is b(-4)?
1
Let j be 2/4*252/(-14). Let h(z) = z**2 + 8*z - 13. Determine h(j).
-4
Let u(k) = -k**3 + 7*k**2 - 6*k - 3. Let c(d) = d**2 - d - 2. Let v be c(3). Suppose 2 = -3*n + 4*l, -n + v*l = -0*n + 14. Determine u(n).
-3
Let z(y) = y**3 - y. Let i(b) = -15*b**3 - 2*b**2 + 2*b - 1. Let j(r) = i(r) + 4*z(r). What is j(-1)?
10
Let i(t) be the first derivative of -t**4/4 + 4*t**3/3 - t**2 + 3*t - 22. Determine i(3).
6
Let o(q) be the first derivative of -4*q**3/3 + 2*q**2 - 2*q - 14. Determine o(3).
-26
Let p(h) = h**3 + 5*h**2 + 2*h - 3. Let w be (9/(-6))/((-6)/16). Suppose 2*n - w*l = 8, 5*l + 4 = 3*n + n. What is p(n)?
5
Let h(d) = 3*d - 18 + 15 - 2*d. Suppose -4*f = -5*f. Give h(f).
-3
Let g(f) = -5*f**2 + 19*f + 8. Let l(i) = i**2 + 3*i**2 - 5*i - 2 - i**2 - 2*i**2. Let r be 10/4 - 1/2. Let o(k) = r*g(k) + 9*l(k). Determine o(-5).
8
Let z(x) = 2*x - 4*x + 9571 + x - 9569. Let s(d) = -d**3 - 3*d**2 + 6*d + 4. Let y be s(-4). What is z(y)?
6
Let x(s) = -s. Let u(r) = -3*r - 3. Let j(m) = -m - 2. Let i(g) = 5*j(g) - 2*u(g). Let p be (-3)/6*0/(-1). Let v be i(p). Calculate x(v).
4
Let w(i) = 3*i - 5. Let b(m) = m - 1. Let k(d) = 10*b(d) - 2*w(d). What is k(-1)?
-4
Suppose 2*v = -2*v + 8. Suppose -v = 2*n - 3*n. Let j(u) = 3*u - 2. Determine j(n).
4
Let n(b) = -b + 6. Let p(y) = -y + 5. Let s(f) = -2*n(f) + 3*p(f). Determine s(4).
-1
Let h(w) be the second derivative of 1/6*w**3 + 0 + 0*w**2 - 1/120*w**5 - 1/8*w**4 + 3*w. Let k(v) be the second derivative of h(v). Calculate k(0).
-3
Suppose 4*g + m = 11, 0 = -g + 4*g + 3*m + 3. Let j(x) = 7*x - 13*x + 2 + 3 + x**3 - g*x**2 - 4. Calculate j(5).
-4
Let m be 2/((-10)/15)*3/3. Let s(g) = -g**3 - 3*g**2 + 1. Calculate s(m).
1
Let v(h) = 3*h - 21. Let w(i) = -i + 7. Let t(z) = -3*v(z) - 8*w(z). What is t(5)?
2
Let s(h) = -h**3 - 6*h**2 - 3*h + 7. Let x be s(-5). Let l(g) = g**2 - 2*g + 1. Let i(n) = -2*n**2 + 2*n - 1. Let y(u) = 2*i(u) + 3*l(u). Give y(x).
-2
Let r(g) = -2*g + 0*g - 1 + 3 - 8. Let m be r(-4). Let z(l) = l**3 + l**2 - l. Give z(m).
10
Let y(d) = -d**2 - 4*d + 3. Let b be (-4)/(-16) - 13/4. Let n = b - 1. Determine y(n).
3
Let q = -4 - -1. Let l(u) = -20 + 3*u + 34 - 15. Calculate l(q).
-10
Let c(d) be